3*d + d = -8, 4*g - 8 = -d. Suppose -g*m - 9 = -3*m. Let a = 8 - m. Give o(a).
-3
Suppose -3*q = -0*q - 9. Suppose 0 = -z - 2*h - 4, q*z = 3*h + 17 - 2. Suppose -g + 12 = z*g. Let i(r) = r**3 - 4*r**2 + r + 1. Calculate i(g).
5
Let u(a) be the third derivative of -a**5/60 + a**4/24 + 7*a**3/6 + 6*a**2. Let r(o) be the first derivative of u(o). Determine r(-1).
3
Let r(b) = b + 4. Let y(j) = j**2 - 8*j - 3. Suppose -2*f = f - 24. Let t be y(f). Give r(t).
1
Let m be 5 + (-4 - 0) - 6. Let x(o) = -o**2 - 5*o + 7. What is x(m)?
7
Suppose 5*b = -n + 30, -b - b + 4*n + 12 = 0. Let s(w) = -4*w**3 + 8*w**2 - w. Let r(l) = -5*l**3 + 9*l**2 + 1. Let x(u) = b*s(u) - 5*r(u). Calculate x(-4).
3
Let b(h) be the first derivative of -h**3/3 - 5*h**2/2 + 2*h - 4. What is b(-6)?
-4
Let m(l) be the first derivative of -l**2/2 + 14*l - 5. What is m(8)?
6
Let i be 20/3 + 4/(-6). Let u(m) be the first derivative of -m**3/3 + 3*m**2 + 2*m - 4. Calculate u(i).
2
Let t(l) = -2*l - 2. Let o = -7 - 7. Let c = o - -9. What is t(c)?
8
Let s(i) = -i - 3 - 7 - 2 + 5. What is s(-4)?
-3
Let w be 0 - 1/(-6) - 38/12. Let i(f) = 5*f + 1. Give i(w).
-14
Suppose -6 = -6*a - 24. Let r = a + 7. Let g(q) = 3*q**2 - 8*q + 8. Let n(t) = -10*t**2 + 25*t - 25. Let o(h) = -7*g(h) - 2*n(h). Determine o(r).
2
Let p = 9 + -13. Let r = p - 0. Let o(y) be the third derivative of -y**5/60 - y**4/8 + y**3/2 - y**2. What is o(r)?
-1
Let l(p) be the second derivative of p**5/10 + p**4/3 + p**3/6 - p**2 + 17*p. Let s be 6/(-27) + 16/(-9). Determine l(s).
-4
Let w(n) = -n**2 + 8*n + 5. Let l(i) = -2*i**3 - i**2 + 2*i + 1. Let t be l(-2). Let d be w(t). Let p(f) = -4*f - 6. Give p(d).
10
Suppose -3*h + z = -5, -6*h + 5*z + 5 = -h. Let a(v) = v**h - 1 + 3 - 1 + 0*v**2 - 2*v. Give a(3).
4
Let b = -9 - -11. Let v(m) = -4 + m + 3 - b*m. What is v(1)?
-2
Let f(p) = -5*p**2 + 0 - 6 - 4 + 4*p. Let l(x) = 11*x**2 - 8*x + 21. Let r(h) = 9*f(h) + 4*l(h). Let y be (-33)/(-9) - (-2)/6. Give r(y).
-6
Let z(i) = 8*i - i**2 + 1 - 6 - 2. Let a = -4 + 0. Let n = 9 + a. What is z(n)?
8
Let k(v) = -v**2 + 8*v - 5. Let o be k(7). Suppose a + 15 = -o*a. Let b(c) = -6 + 12 - 5*c + 2*c**2 + c**3 + 2*c**2. Give b(a).
6
Let p(d) = -19*d**3 + 2*d - 1. Let i(q) = 18*q**3 - 3*q + 1. Let a(o) = -3*i(o) - 4*p(o). Determine a(-1).
-22
Suppose -9 - 1 = -2*x. Let w(g) = -g**2 + 6*g - 6. Calculate w(x).
-1
Let z(c) = -c**3 + 9*c**2 - 9*c + 10. Let s be z(8). Let d be (1 - 0)*s/2. Let u(y) = y + 1 - d + 3. Give u(3).
6
Let a(v) be the first derivative of -5*v**4/4 + v**2 - v + 1. Determine a(1).
-4
Let a(s) = 2*s**2. Suppose -40 = -12*u - 8*u. Give a(u).
8
Suppose 0*t + 4 = -t, 3*q = 4*t - 5. Let f(s) = -s**3 - 6*s**2 + 8*s. What is f(q)?
-7
Suppose -3*c + 4 = 4*g - 2, -2*c - 5*g = -11. Let i(y) = 6*y**2 - y - 2. What is i(c)?
24
Let r = -7 - -9. Let d(t) = -7*t + 2. Let f(n) = 6*n - 2. Suppose j - 4 - 2 = -2*p, 3*j - 3 = -p. Let u(m) = p*f(m) + 2*d(m). What is u(r)?
6
Suppose 4*w + 10 = -w. Let x be 14/18 - w/9. Let s(d) = 2*d + 2 - 2. Calculate s(x).
2
Suppose y + 2 = -2. Let i(t) = 6*t + 2 + 0*t**3 + 2*t**3 - 3*t**3 - 3*t**2. Give i(y).
-6
Let d(j) be the first derivative of j**2/2 + j - 1. Let n(g) = -2*g - 1. Let o(q) = d(q) + n(q). What is o(4)?
-4
Let z(o) = 3*o**2 + 3*o. Suppose 0 = -2*j + 3*h - 7, -3*j = -6*h + 2*h + 10. Calculate z(j).
6
Let b(u) = -u**3 - 3*u**2 - 5*u - 3. Let z(n) = n**2 + 7*n - 3. Let g be z(-7). Determine b(g).
12
Let u(v) = -v**2 - 6*v + 3. Suppose 3 = -3*c, 4*n = -n - 4*c - 34. Determine u(n).
3
Let p(h) = -2*h**2 - 3*h - 1. Suppose -2*d + 0*d + 2 = 0. Let b be 65/(-20) - d/(-4). Calculate p(b).
-10
Let c(j) = -j**3 + 4*j**2 - 6. Let h be c(3). Let n(b) be the third derivative of 0*b**h + 1/8*b**4 + 4*b**2 + 0*b + 0. Determine n(-3).
-9
Suppose 5*o + 28 = 3*m, m + 3*o = -0*m - 14. Let j(i) = -m + i**2 + 2 - 3*i - i. Determine j(5).
6
Let q(a) = a**3 + 4*a**2 - 4*a - 2. Let t(x) = -x**2. Let z(p) = -q(p) - 3*t(p). Determine z(-3).
8
Let x(y) = y**2 + 5*y + 1. Let s = -2 - 4. Determine x(s).
7
Let t(z) = -11*z + 3*z**2 + 5*z - 2 + 4*z + 3*z. Suppose 0 = -u + 3*f - 1 + 8, 0 = 5*u - f + 7. Calculate t(u).
8
Suppose 0 = 5*v + 4 + 1. Let o(p) be the first derivative of -4/3*p**3 - 2 + 1/2*p**2 + p. Determine o(v).
-4
Let n(y) = -16*y**3 + 4*y**2 - 6*y + 16. Let w(p) = 3*p**3 - p**2 + p - 3. Let o(b) = -2*n(b) - 11*w(b). Suppose -3*f = -4 - 5. Calculate o(f).
4
Let m(s) = 2 - 6*s - 5 + s**2 + 7 + s**3 - 4*s**2. Give m(4).
-4
Let g(p) = -p**3 + 4*p**2 + 7*p - 4. Let l(m) = -m**3 + 3*m**2 + m - 1. Let a be l(4). Let j(q) = q**3 + 14*q**2 + 14*q + 18. Let h be j(a). Calculate g(h).
6
Suppose 0 = 4*x + 8. Let w be (-4 + 2)*x/(-2). Let g(v) = -2*v**2 - 4*v - 2. What is g(w)?
-2
Let j(g) = -g**2 + 6*g - 6. Let u(s) = 4*s**3 + 2*s - 1. Let f(d) = -d**3 + 5*d**2 + 7*d - 5. Let p be f(6). Let v be u(p). Calculate j(v).
-1
Let x(a) = -a. Let n(u) = -u**2 - 2*u + 6. Let r(m) = n(m) + 5*x(m). Calculate r(-8).
-2
Let b(v) = -1 + 20*v + 10*v**2 - 39*v + 18*v. Determine b(-1).
10
Let i(p) be the third derivative of -2*p**2 - 1/2*p**3 + 0*p + 1/8*p**4 + 0. Determine i(3).
6
Let l be 15*1/(20/12). Let q(w) = -13 - l + 6 - w**3 - 1. Give q(0).
-17
Let p(z) be the first derivative of -z**3/6 - z**2 - z - 6. Let q(x) be the first derivative of p(x). Give q(-6).
4
Let m(h) = h**3 - 11*h**2 + 10*h - 3. Let d(t) = t**3 + 5*t**2 + 3*t + 4. Let i be d(-2). Calculate m(i).
-3
Let l(f) be the second derivative of f**5/20 + f**4/4 - 5*f**3/6 + f**2 + 4*f. Let c be l(-4). Let x(o) = -o**3 + 7*o**2 - 6*o + 2. Give x(c).
2
Let l(r) = -4*r + 3. Suppose g - 52 = -g. Let d = -4 - -12. Let y be g/d - 1/4. Calculate l(y).
-9
Suppose -g + 10 = g. Let i(m) be the third derivative of m**4/24 + m**3/6 + m**2. What is i(g)?
6
Let g(u) be the first derivative of u**2 + 5*u - 9. Determine g(-4).
-3
Suppose 3 = 7*s + 31. Let p(f) = -f**2 - 3*f + 4. Calculate p(s).
0
Let i(m) be the third derivative of m**6/120 + m**5/15 + m**4/6 + m**3/6 + m**2. Let b = -18 - -26. Let n(v) = v**2 - 9*v + 5. Let w be n(b). What is i(w)?
-2
Let z(g) = 2*g - 7. Let k = -7 - -12. Suppose 3*u - x - 19 = 0, -2*u + 33 = k*x - 8. Calculate z(u).
9
Suppose g + g = 0. Let q(r) be the first derivative of r**3/3 - r**2/2 - 6*r + 4. Give q(g).
-6
Let d be 1*(5 + -7) + (1 - -5). Let r(g) = g**2 - g + 5. Determine r(d).
17
Let o(v) = -v**3 + 4*v**2 - 5*v + 2. Let p be o(2). Let a(k) = 1 + 6*k + p*k + k**2 - 6. Calculate a(-5).
-10
Let i(j) be the second derivative of -j**6/120 + j**5/15 - j**4/12 - j**3/6 + 3*j**2/2 + 3*j. Let h(d) be the first derivative of i(d). Give h(4).
-9
Let v(c) = -c**2 + 8*c - 9. Let h be (1 - -2)*(2 - 0). Give v(h).
3
Let w be ((-6)/(-5))/(6/40). Let f(l) = -1 - w*l + 2 + 5*l. Calculate f(-1).
4
Suppose 3*x + 0*x = 21. Let d = 4 - x. Let f(i) = -4*i + 1. Determine f(d).
13
Let z(t) = t**3 - 4*t**2 - 4. Let q be (-4)/(-6) + (-30)/(-9). What is z(q)?
-4
Let b(p) be the second derivative of 2*p**3 + 6*p. Give b(1).
12
Let b(s) be the first derivative of s**2/2 + 5*s + 3. Calculate b(-3).
2
Let a(x) = -6*x + 4 + 11 - 14. Determine a(1).
-5
Let r be 9 + ((-10)/6 - (-4)/(-12)). Let a(l) = l**2 - 5*l - 8. Give a(r).
6
Let x(n) = n**3 + 5*n**2 + 4*n + 2. Suppose 4*y - 6 = 2. Let m = -6 + y. What is x(m)?
2
Let p(i) = -2*i**2 - 4*i**2 - i + 2 + 2*i**2 + 2*i**2. Let r(y) = 2 + 2*y - 3*y**2 - 5 + 2. Let j be r(1). Give p(j).
-4
Let m(p) = 4*p + 116*p**3 - 5*p**2 - p - 115*p**3. What is m(2)?
-6
Let b(j) = 30*j - 52*j + 21*j. Calculate b(4).
-4
Suppose -4*t - 16 = 0, t - 26 = -3*c - 3. Let i be 8 - (6 + c/(-3)). Let b(n) = 2*n**2 - 7*n - 2. Give b(i).
13
Let c(z) = 4*z - 2. Let m(v) = 3*v**2 - 4*v + 2. Let o be m(2). Let p be 10/(-4)*12/(-10). Suppose -j - p = -o. Give c(j).
10
Let p(q) = -q**2 + 27*q - 17*q - 18*q + 3. Calculate p(-9).
-6
Let q(t) = -t**2 + 5*t + 3. Let k(h) = h**3 - h**2 - h + 6. Let m be k(0). Suppose 4*b - 5*y - 9 - 17 = 0, -5*y = 4*b - m. Determine q(b).
7
Let n(d) = d**3 + 4*d**2 - 4. Let g be n(-3). Let c(q) = -5 - g*q**2 + 6*q + q**2 + 3*q**2. Let p be -3*52/(-36) - 4/12. Calculate c(p).
3
Let n(w) = -w**3 + 5*w**2 + 3. Suppose 5*b = -0 + 5. Let m be b*2 + (-11)/1. Let x = -4 - m. Calculate n(x).
3
Let v(w) = -4*w**2 - 1. Let d(h) = -h + 8